- 9*d + k*d. Is r(5) composite?
True
Suppose -4*u - 5*c + 265 = 0, 4*u - 76 = 3*u + 2*c. Suppose 0 = 2*l + 12*l + u. Is (-7184)/l - (0 - (-6)/(-30)) prime?
False
Suppose 80*h + 1535560 = 120*h. Is h a composite number?
True
Let a(g) be the first derivative of 258*g**2 + 12*g - 31. Let b be a(4). Suppose -18*r = -14*r - b. Is r a composite number?
True
Is (364/(-21))/13 - 13079528/(-24) a prime number?
True
Suppose 0 = 4*f - w - 5213, -15*w = -4*f - 13*w + 5210. Let t = 2241 - f. Is t composite?
False
Let b = -9374 + 17793. Is b prime?
True
Let l = -216607 - -691304. Is l prime?
False
Let h(x) = -20*x + 141. Let s be h(7). Is (2735 - s) + (-287)/(-41) prime?
True
Let k = 141 - 144. Is (1/k)/(-7 - 13076/(-1869)) a composite number?
False
Is ((-1916004)/(-72))/(11/66) composite?
False
Let w = 1550 + -12984. Let y = -6015 - w. Is y composite?
False
Let k(m) = -399*m**3 - 17*m**2 - 12*m - 13. Is k(-3) a prime number?
False
Let i(d) = -2*d**3 + 6*d**2 + 3*d - 3. Let t be i(3). Suppose 489 = t*h - 5*h + 2*q, 0 = -3*h + 2*q + 1475. Is h composite?
False
Is 40 + 928102/2 - (0 + 10) prime?
True
Let t(n) = -46*n**3 + 3*n**2 + 2*n. Let j be t(-1). Is 4/12*-3*j*-29 prime?
False
Suppose 20*f - 3 = -3. Suppose -65*w + 61*w + 5036 = f. Is w a prime number?
True
Suppose 4*s - 818122 - 10162 = -3*l, 5*s - 1035355 = l. Is s composite?
True
Let g(b) = 298*b + 129. Let j be g(16). Let d = j + -1674. Is d a composite number?
True
Suppose -166735 = -4322*j + 4321*j. Is j a prime number?
False
Let i(p) = -66*p + 57. Let s be i(-7). Is s/(-4)*(-1 - 3) composite?
True
Let x(a) = -234*a - 3. Let d be x(-4). Suppose f - d = -5*z, 1888 = 2*f + 5*z - 6*z. Is f composite?
True
Suppose 13*m = 25751 + 23987. Is (m/8)/(19/76) composite?
False
Let v(x) = -5420*x - 21. Let a be v(-4). Let w = -12618 + a. Is w composite?
False
Suppose -3*d - d - o = -4043, o = 3. Suppose -l - 72 = 2*f - 6*f, -5*f = l - 81. Let n = d - f. Is n a prime number?
False
Suppose -5*g - 2*w + 15 = 2*w, -15 = -5*g - 2*w. Let c(v) = 4 - 115*v - g - 19*v + 2*v. Is c(-2) prime?
False
Let g be (0 + -4 + 5)*6705. Let v be (-4 + (-13)/(-3))*g. Suppose -86*l + 81*l + v = 0. Is l a composite number?
True
Let k(l) = 615*l**2 - 2. Suppose -5*r = 10, -2*g - g + 5*r + 13 = 0. Is k(g) a prime number?
True
Let a = 104055 + -50104. Is a a prime number?
True
Suppose 157*a - 2 = -2*o + 155*a, 0 = o - 5*a - 7. Let y(v) = -v**2 + 7*v + 2. Let q be y(7). Is (2 + q - o)/((-2)/(-223)) a composite number?
False
Suppose t + 1434 = s - 3*t, 5772 = 4*s - 4*t. Suppose -5*u + 6*u - 291 = -2*y, y = -5*u + s. Is u a prime number?
False
Suppose -3*p - 9 = -b, 2*p + 13 = 2*b - 21. Suppose -s - 4*t = -t - b, 4*s + 3*t = 39. Suppose 0 = -2*h + s*h - 956. Is h prime?
True
Let c(l) be the third derivative of l**5/5 - 7*l**3/6 + 150*l**2. Let k be (-6)/(-21) - 33/(-7). Is c(k) a prime number?
True
Suppose 150*w - 166*w = -204176. Is w prime?
False
Suppose -12*r = -73*r - 42*r + 3397867. Is r a composite number?
True
Let w = 508880 - 296695. Is w prime?
False
Let z be 0/((3/6)/(2/(-8))). Suppose z = -174*h + 173*h + 4643. Is h composite?
False
Let c(i) = -4796*i + 585. Is c(-8) prime?
True
Let q be (-6)/(-27) - 67047/27. Let f = 5380 + q. Is f prime?
True
Is (-2 + 4 - 332105)*(530/(-15) + 35) prime?
False
Let k(l) = -712*l + 5. Let w(s) = -5*s**2 - 3*s - 4. Let x be w(-2). Is k(x) prime?
True
Suppose 211*k - 4*l = 212*k + 6, 3*k - 12 = 3*l. Suppose -2*w = -4*h + 2, -3*w - 4*h + 17 = -0*w. Suppose w*u = 5*c - 329, k*c - u = 2*u + 128. Is c prime?
True
Suppose 4*v = -5*m + 4832, -2*v - 3*m = -1259 - 1157. Is v + 1 - (-3 + -1) a prime number?
True
Is (-41703*99/54)/((-2)/4) composite?
True
Suppose 2*i - 51 = -i. Let p(a) = -2*a**2 + 11 + 285*a - 2*a**2 - 286*a - i*a**3. Is p(-4) a prime number?
True
Let m(c) = -2017*c + 83. Let n be -3 - 0/((-15)/(-5)) - -1. Is m(n) composite?
True
Let m(g) = 83*g**2 + 221*g - 4624. Is m(143) a prime number?
False
Let y(v) = 452*v + 2717. Is y(22) a prime number?
False
Let r = 35 - 31. Let w be (1 + -7 + r)*-772. Let v = w - 655. Is v a composite number?
True
Let n = 38 + -260. Let j = n - -430. Let i = j - -2313. Is i a prime number?
True
Let g(m) = -2*m**2 - 38*m + 12. Let t be g(-19). Suppose t*b = -8536 + 48700. Is b composite?
False
Suppose -4*k + 5*p - 2*p + 51250 = 0, k = -5*p + 12801. Is k a composite number?
True
Let k(d) = d + 7. Let g be k(-8). Let c be (343 - g) + 2/1. Suppose 0 = -2*w - 3*j + 584, 3*w = 2*j + c + 517. Is w a prime number?
False
Let p(u) = -417*u**3 - 4*u**2 + 7*u + 1. Is p(-7) prime?
True
Is ((-1)/3)/((-5)/105) - -98992 prime?
True
Suppose 4513210 = -23*t + 93*t - 13452360. Is t a composite number?
False
Let d(k) = -117*k + 6. Let j be d(-5). Let v be (-13200)/1155*(0 - (-14)/(-4)). Let r = v + j. Is r prime?
True
Suppose -i - 2*i = -2*k - 13122, 3*k + 8753 = 2*i. Suppose -2*q + 3*u = -i, -2*q - q + 4*u = -6557. Is q composite?
True
Let l be (-14)/4*-1*(-8)/(-14). Suppose 60 + 316 = x. Is (1*(-222)/(-24))/(l/x) composite?
True
Suppose 4*i - 23*k + 27*k = 1528820, 2*i - k = 764410. Is i composite?
True
Suppose -16*x + 20*x = -2*w + 492914, 0 = -3*w + 4*x + 739381. Is w a composite number?
True
Suppose -2*s + 71 = -2*z + 5*z, -3*z = -2*s + 65. Suppose s*b = 21*b + 39637. Is b composite?
False
Suppose -25*g = 41*g + 17*g - 17913641. Is g a composite number?
False
Let p be 0 - (4 - 0) - -2. Let w be (-23)/(0 + -6 + 3 - p). Let j = w - -278. Is j a prime number?
False
Suppose -3*d + 1703270 = 7*d - 987900. Is d composite?
False
Let i = 10 - -13. Let d = i + -21. Suppose 2*y - 5*f - 198 = 0, -d*y - 3*f + 166 = -0*f. Is y composite?
False
Let o = -38386 - -60829. Is o a prime number?
False
Is (753756 - 135) + 19*-1 composite?
True
Let f = -540 - -544. Suppose -f*n + 19105 = 1077. Is n composite?
False
Suppose 7*g - 105 = -14. Let u(t) = -t**2 + 13*t - 5. Let a be u(g). Is (-223)/(a/(-1 + 6)) a composite number?
False
Let h(j) = -j**2 - 27*j - 34. Let z be h(-25). Suppose -3675 = -3*w - 4*u, -2*w + 17*u + 2461 = z*u. Is w prime?
True
Suppose 0 = -0*p - 5*p + 2*t + 35, -2*p + t + 14 = 0. Suppose -n = -o - p, n - 2*o = 3*n - 6. Suppose -9*x + n*x + 1348 = 0. Is x composite?
False
Let w(z) = 8*z**2 - 7*z + 12. Let i be (0 + 1)/(-5 + (-416)/(-84)). Let r = -26 - i. Is w(r) prime?
False
Let p(t) be the second derivative of -4/3*t**3 + 21*t + 43/2*t**2 + 1/2*t**4 + 2. Is p(10) prime?
True
Is -117 - -140233 - (-1 + 12/2) prime?
True
Let w(s) be the second derivative of 131*s**3/6 + 3*s**2/2 - 13*s + 1. Is w(4) a composite number?
True
Suppose 63*w + 12420254 = 183*w - 98*w. Is w a composite number?
True
Let y(m) = 178*m**2 - 16*m - 2. Let n be y(-6). Let l = n + 8401. Is l composite?
True
Let x = -18 - -13. Let s be (3786/30 - x) + 1/(-5). Suppose 5*w = 4*w - p + s, 3*w + 5*p - 401 = 0. Is w a prime number?
True
Suppose 917 - 571 = -2*q. Is (q*2 - 1)/(3/(-39)) composite?
True
Let m = -30652 + 111737. Is m composite?
True
Let p(y) = 22269*y - 1810. Is p(33) a composite number?
False
Let d be 30/5*(-3)/((-72)/20). Suppose -v - 3*v + 1577 = l, -l - d*v = -1581. Is l prime?
False
Suppose 6*l + 59 = -f, 3*l + 6 = l. Is (1537 - 2)*f/(-5) prime?
False
Let f(c) = 270*c**2 - 1895*c - 32. Is f(-57) prime?
True
Let x(a) = 4*a**3 + 6*a**2 - 139*a + 667. Is x(44) prime?
True
Let r = -221 - -225. Suppose 0 = 3*n - 0 + 3, 3*x - 17917 = r*n. Is x prime?
False
Let z be ((-4)/(-7))/((-10)/(-14))*766415. Suppose -30*o - z = -82*o. Is o a composite number?
True
Let b = 1 + 16. Let t be 3/1 - b/(85/47640). Let n = t - -13778. Is n a prime number?
True
Suppose 0*w = -3*w + 180. Let z = 63 - w. Suppose z*a = -0*a + 357. Is a a prime number?
False
Suppose 5*g = m - 30, 0 = -m - 7*g + 4*g - 10. Suppose -2*p = m*d - 10505, -d + 6322 = 2*d + 5*p. Is d a prime number?
True
Let g = 57 + -60. Let h be g/(-4) - 46/8. Let p(u) = 13*u**2 + 3*u + 9. Is p(h) a prime number?
False
Is (-8 - -166361) + 1 + 20/(-4) prime?
True
Suppose 0 = -14820*b + 14816*b + 1488428. Is b a prime number?
True
Let u(b) = 8530*b**2 + b + 5. Is u(-2) prime?
True
Suppose 3*f - 315 + 111 = 0. Suppose 69*q = f*q + 187. Is q prime?
False
Let a be 346*1 - (1 - -3). Let o(s) = 8*s + 5. Let n be o(-6). Let q = n + a. Is q composite?
True
Let q be (1*-1885 